{"id":8584,"date":"2022-06-09T16:41:03","date_gmt":"2022-06-09T20:41:03","guid":{"rendered":"http:\/\/149.4.100.129\/academics\/hll\/?page_id=8584"},"modified":"2022-06-13T12:08:28","modified_gmt":"2022-06-13T16:08:28","slug":"alvaro-fernandez","status":"publish","type":"page","link":"https:\/\/www.qc.cuny.edu\/academics\/hll\/alvaro-fernandez\/","title":{"rendered":"\u00c1lvaro Fern\u00e1ndez"},"content":{"rendered":"<p>[et_pb_section fb_built=&#8221;1&#8243; _builder_version=&#8221;4.16&#8243; global_colors_info=&#8221;{}&#8221;][et_pb_row _builder_version=&#8221;4.16&#8243; background_color=&#8221;rgba(0,0,0,0)&#8221; custom_padding=&#8221;10px||10px||true|false&#8221; border_radii=&#8221;off|20px|20px||&#8221; global_colors_info=&#8221;{}&#8221;][et_pb_column type=&#8221;4_4&#8243; _builder_version=&#8221;4.16&#8243; global_colors_info=&#8221;{}&#8221;][et_pb_text _builder_version=&#8221;4.17.4&#8243; text_font=&#8221;Open Sans||||||||&#8221; text_text_color=&#8221;#000000&#8243; text_font_size=&#8221;16px&#8221; header_4_font=&#8221;Ubuntu|700|||||||&#8221; header_4_text_align=&#8221;center&#8221; header_4_text_color=&#8221;#ffffff&#8221; header_4_font_size=&#8221;30px&#8221; background_color=&#8221;#e71939&#8243; text_orientation=&#8221;center&#8221; custom_padding=&#8221;10px|10px|10px|10px|true|true&#8221; border_radii=&#8221;off|20px|20px||&#8221; locked=&#8221;off&#8221; global_colors_info=&#8221;{}&#8221;]<\/p>\n<h4>Faculty<\/h4>\n<p>[\/et_pb_text][\/et_pb_column][\/et_pb_row][et_pb_row _builder_version=&#8221;4.16&#8243; custom_padding=&#8221;|20px||20px|false|false&#8221; box_shadow_style=&#8221;preset3&#8243; global_colors_info=&#8221;{}&#8221;][et_pb_column type=&#8221;4_4&#8243; _builder_version=&#8221;4.16&#8243; global_colors_info=&#8221;{}&#8221;][et_pb_text disabled_on=&#8221;on|off|off&#8221; admin_label=&#8221;Desktop&#8221; _builder_version=&#8221;4.17.4&#8243; _module_preset=&#8221;default&#8221; text_font_size=&#8221;16px&#8221; locked=&#8221;off&#8221; global_colors_info=&#8221;{}&#8221;]<\/p>\n<h3><strong><img decoding=\"async\" class=\"alignright wp-image-8501 size-full lazyload\" data-src=\"https:\/\/www.qc.cuny.edu\/academics\/hll\/wp-content\/uploads\/sites\/82\/2022\/04\/alvaro.jpg\" alt=\"Alvaro Fernandez Photo\" width=\"158\" height=\"110\" src=\"data:image\/svg+xml;base64,PHN2ZyB3aWR0aD0iMSIgaGVpZ2h0PSIxIiB4bWxucz0iaHR0cDovL3d3dy53My5vcmcvMjAwMC9zdmciPjwvc3ZnPg==\" style=\"--smush-placeholder-width: 158px; --smush-placeholder-aspect-ratio: 158\/110;\" \/><\/strong><\/h3>\n<h3><strong>\u00c1lvaro Fern\u00e1ndez<\/strong><\/h3>\n<p>Associate Professor<\/p>\n<p><em>Office<\/em>:<em>\u00a0<\/em>Queens Hall 105K<br \/><em>Voice<\/em>: 718-997-5332<br \/><em>Fax<\/em>: 718-997-5669<br \/><em>Email<\/em>:\u00a0<a href=\"mailto:alvaro.fernandez@qc.cuny.edu\">alvaro.fernandez@qc.cuny.edu<\/a><\/p>\n<p>[\/et_pb_text][et_pb_text disabled_on=&#8221;off|on|on&#8221; admin_label=&#8221;Mobile&#8221; _builder_version=&#8221;4.17.4&#8243; _module_preset=&#8221;default&#8221; text_font_size=&#8221;16px&#8221; locked=&#8221;off&#8221; global_colors_info=&#8221;{}&#8221;]<\/p>\n<h3 style=\"text-align: center\"><strong>\u00c1lvaro Fern\u00e1ndez<\/strong><\/h3>\n<p style=\"text-align: center\"><img decoding=\"async\" class=\"wp-image-8501 alignnone size-full lazyload\" data-src=\"https:\/\/www.qc.cuny.edu\/academics\/hll\/wp-content\/uploads\/sites\/82\/2022\/04\/alvaro.jpg\" alt=\"Alvaro Fernandez Photo\" width=\"158\" height=\"110\" src=\"data:image\/svg+xml;base64,PHN2ZyB3aWR0aD0iMSIgaGVpZ2h0PSIxIiB4bWxucz0iaHR0cDovL3d3dy53My5vcmcvMjAwMC9zdmciPjwvc3ZnPg==\" style=\"--smush-placeholder-width: 158px; --smush-placeholder-aspect-ratio: 158\/110;\" \/><\/p>\n<p style=\"text-align: center\">Associate Professor<\/p>\n<p style=\"text-align: center\"><em>Office<\/em>:<em>\u00a0<\/em>Queens Hall 105K<br \/><em>Voice<\/em>: 718-997-5332<br \/><em>Fax<\/em>: 718-997-5669<br \/><em>Email<\/em>:\u00a0<a href=\"mailto:alvaro.fernandez@qc.cuny.edu\">alvaro.fernandez@qc.cuny.edu<\/a><\/p>\n<p>[\/et_pb_text][et_pb_text quote_border_color=&#8221;#e71939&#8243; admin_label=&#8221;Text&#8221; _builder_version=&#8221;4.17.4&#8243; _module_preset=&#8221;default&#8221; text_font=&#8221;Open Sans||||||||&#8221; text_font_size=&#8221;16px&#8221; hover_enabled=&#8221;0&#8243; global_colors_info=&#8221;{}&#8221; sticky_enabled=&#8221;0&#8243;]<strong>\u00c1lvaro Fern\u00e1ndez\u00a0<\/strong>specializes in contemporary Spanish literature and cinema, focused on narratives of an uncomfortable historical past. He is also interested in didactics of writing and in cross-readings between Latin America and Spain. Currently he is working on Spanish narrative between 1989 and 1992 as well as on narratives of memory from the 90s in Latin America. He is author of\u00a0<em>Recuerdos de M\u00e1gina. Una ciudad literaria para la transici\u00f3n espa\u00f1ola<\/em>, books on didactics of writing and reading, and several articles and book chapters\u00a0on literature and cinema.<\/p>\n<p>See list of\u00a0publications in <a href=\"https:\/\/qc-cuny.academia.edu\/AlvaroFernandez\">Academia.edu<\/a>[\/et_pb_text][\/et_pb_column][\/et_pb_row][\/et_pb_section]<\/p>\n","protected":false},"excerpt":{"rendered":"<p>Faculty \u00c1lvaro Fern\u00e1ndez Associate Professor Office:\u00a0Queens Hall 105KVoice: 718-997-5332Fax: 718-997-5669Email:\u00a0alvaro.fernandez@qc.cuny.edu\u00c1lvaro Fern\u00e1ndez Associate Professor Office:\u00a0Queens Hall 105KVoice: 718-997-5332Fax: 718-997-5669Email:\u00a0alvaro.fernandez@qc.cuny.edu\u00c1lvaro Fern\u00e1ndez\u00a0specializes in contemporary Spanish literature and cinema, focused on narratives of an uncomfortable historical past. He is also interested in didactics of writing and in cross-readings between Latin America and Spain. Currently he is working on Spanish [&hellip;]<\/p>\n","protected":false},"author":105,"featured_media":0,"parent":0,"menu_order":0,"comment_status":"closed","ping_status":"closed","template":"","meta":{"_et_pb_use_builder":"on","_et_pb_old_content":"","_et_gb_content_width":"","inline_featured_image":false,"footnotes":""},"page_category":[],"wf_page_folders":[362],"class_list":["post-8584","page","type-page","status-publish","hentry"],"_links":{"self":[{"href":"https:\/\/www.qc.cuny.edu\/academics\/hll\/wp-json\/wp\/v2\/pages\/8584","targetHints":{"allow":["GET"]}}],"collection":[{"href":"https:\/\/www.qc.cuny.edu\/academics\/hll\/wp-json\/wp\/v2\/pages"}],"about":[{"href":"https:\/\/www.qc.cuny.edu\/academics\/hll\/wp-json\/wp\/v2\/types\/page"}],"author":[{"embeddable":true,"href":"https:\/\/www.qc.cuny.edu\/academics\/hll\/wp-json\/wp\/v2\/users\/105"}],"replies":[{"embeddable":true,"href":"https:\/\/www.qc.cuny.edu\/academics\/hll\/wp-json\/wp\/v2\/comments?post=8584"}],"version-history":[{"count":0,"href":"https:\/\/www.qc.cuny.edu\/academics\/hll\/wp-json\/wp\/v2\/pages\/8584\/revisions"}],"wp:attachment":[{"href":"https:\/\/www.qc.cuny.edu\/academics\/hll\/wp-json\/wp\/v2\/media?parent=8584"}],"wp:term":[{"taxonomy":"page_category","embeddable":true,"href":"https:\/\/www.qc.cuny.edu\/academics\/hll\/wp-json\/wp\/v2\/page_category?post=8584"},{"taxonomy":"wf_page_folders","embeddable":true,"href":"https:\/\/www.qc.cuny.edu\/academics\/hll\/wp-json\/wp\/v2\/wf_page_folders?post=8584"}],"curies":[{"name":"wp","href":"https:\/\/api.w.org\/{rel}","templated":true}]}}