{"id":8591,"date":"2022-06-10T09:40:01","date_gmt":"2022-06-10T13:40:01","guid":{"rendered":"http:\/\/149.4.100.129\/academics\/hll\/?page_id=8591"},"modified":"2023-08-30T22:11:37","modified_gmt":"2023-08-31T02:11:37","slug":"nora-glickman","status":"publish","type":"page","link":"https:\/\/www.qc.cuny.edu\/academics\/hll\/nora-glickman\/","title":{"rendered":"Nora Glickman"},"content":{"rendered":"<p>[et_pb_section fb_built=&#8221;1&#8243; _builder_version=&#8221;4.16&#8243; global_colors_info=&#8221;{}&#8221;][et_pb_row _builder_version=&#8221;4.16&#8243; background_color=&#8221;rgba(0,0,0,0)&#8221; custom_padding=&#8221;10px||10px||true|false&#8221; border_radii=&#8221;off|20px|20px||&#8221; global_colors_info=&#8221;{}&#8221;][et_pb_column type=&#8221;4_4&#8243; _builder_version=&#8221;4.16&#8243; global_colors_info=&#8221;{}&#8221;][et_pb_text _builder_version=&#8221;4.17.4&#8243; text_font=&#8221;Open Sans||||||||&#8221; text_text_color=&#8221;#000000&#8243; text_font_size=&#8221;16px&#8221; header_4_font=&#8221;Ubuntu|700|||||||&#8221; header_4_text_align=&#8221;center&#8221; header_4_text_color=&#8221;#ffffff&#8221; header_4_font_size=&#8221;30px&#8221; background_color=&#8221;#e71939&#8243; text_orientation=&#8221;center&#8221; custom_padding=&#8221;10px|10px|10px|10px|true|true&#8221; border_radii=&#8221;off|20px|20px||&#8221; locked=&#8221;off&#8221; global_colors_info=&#8221;{}&#8221;]<\/p>\n<h4>Faculty<\/h4>\n<p>[\/et_pb_text][\/et_pb_column][\/et_pb_row][et_pb_row _builder_version=&#8221;4.16&#8243; custom_padding=&#8221;|20px||20px|false|false&#8221; box_shadow_style=&#8221;preset3&#8243; global_colors_info=&#8221;{}&#8221;][et_pb_column type=&#8221;4_4&#8243; _builder_version=&#8221;4.16&#8243; global_colors_info=&#8221;{}&#8221;][et_pb_text disabled_on=&#8221;on|off|off&#8221; admin_label=&#8221;Desktop&#8221; _builder_version=&#8221;4.22.1&#8243; _module_preset=&#8221;default&#8221; text_font_size=&#8221;16px&#8221; hover_enabled=&#8221;0&#8243; global_colors_info=&#8221;{}&#8221; sticky_enabled=&#8221;0&#8243;]<\/p>\n<h3><strong><img decoding=\"async\" class=\"wp-image-8595 alignright size-full lazyload\" data-src=\"https:\/\/www.qc.cuny.edu\/academics\/hll\/wp-content\/uploads\/sites\/82\/2022\/06\/nora_glickman.jpg\" alt=\"Nora Glickman Photo\" width=\"200\" height=\"265\" src=\"data:image\/svg+xml;base64,PHN2ZyB3aWR0aD0iMSIgaGVpZ2h0PSIxIiB4bWxucz0iaHR0cDovL3d3dy53My5vcmcvMjAwMC9zdmciPjwvc3ZnPg==\" style=\"--smush-placeholder-width: 200px; --smush-placeholder-aspect-ratio: 200\/265;\" \/>Nora Glickman<\/strong><\/h3>\n<p>Professor Emeritus<\/p>\n<p><em>Email<\/em>:\u00a0<a href=\"mailto:nora.glickman@qc.cuny.edu\">nora.glickman@qc.cuny.edu<\/a><\/p>\n<p>[\/et_pb_text][et_pb_text disabled_on=&#8221;off|on|on&#8221; admin_label=&#8221;Mobile&#8221; _builder_version=&#8221;4.22.1&#8243; _module_preset=&#8221;default&#8221; text_font_size=&#8221;16px&#8221; hover_enabled=&#8221;0&#8243; global_colors_info=&#8221;{}&#8221; sticky_enabled=&#8221;0&#8243;]<\/p>\n<h3 style=\"text-align: center\"><strong>Nora Glickman<\/strong><\/h3>\n<h3><strong><img decoding=\"async\" class=\"wp-image-8595 size-full aligncenter lazyload\" data-src=\"https:\/\/www.qc.cuny.edu\/academics\/hll\/wp-content\/uploads\/sites\/82\/2022\/06\/nora_glickman.jpg\" alt=\"Nora Glickman Photo\" width=\"200\" height=\"265\" src=\"data:image\/svg+xml;base64,PHN2ZyB3aWR0aD0iMSIgaGVpZ2h0PSIxIiB4bWxucz0iaHR0cDovL3d3dy53My5vcmcvMjAwMC9zdmciPjwvc3ZnPg==\" style=\"--smush-placeholder-width: 200px; --smush-placeholder-aspect-ratio: 200\/265;\" \/><\/strong><\/h3>\n<p style=\"text-align: center\"><em>Professor Emeritus<br \/><\/em><em>Email<\/em>:\u00a0<a href=\"mailto:nora.glickman@qc.cuny.edu\">nora.glickman@qc.cuny.edu<\/a><\/p>\n<p>[\/et_pb_text][et_pb_text quote_border_color=&#8221;#e71939&#8243; _builder_version=&#8221;4.22.1&#8243; _module_preset=&#8221;default&#8221; text_font=&#8221;Open Sans||||||||&#8221; text_font_size=&#8221;16px&#8221; hover_enabled=&#8221;0&#8243; global_colors_info=&#8221;{}&#8221; sticky_enabled=&#8221;0&#8243;]<\/p>\n<p><strong>Nora Glickman<\/strong>\u00a0is a professor emeritus at Queens College and at the Graduate Center, CUNY, where she teaches courses on comparative and Latin American literature, Hispanic cinema, Jewish studies, theatre and translation. She received her M.A. in Spanish Literature at Columbia University and her Ph.D. in Comparative Literature at N.Y.U. She is a playwright and short story writer, a critic and a translator.<\/p>\n<p>Her career combines teaching with creative writing, criticism and translation. Her critical work (articles, chapters in anthologies, book and film reviews, interviews, encyclopedias and dictionaries) has appeared in national and international journals. Her short stories and plays have been produced in several countries in Spanish French and English, and published in a number of North and South American anthologies. Four of her plays are gathered in her Antologia bilingue\/Bilingual anthology. Her play Suburban News received the Jerome Award and was performed at the Theatre for the New City in New York. Dr. Glickman is President of the Association of Professors of Yiddish, and has been Associate Editor of Modern Jewish Studies\/Yiddish since 1998. She is a Member of the Board of Directors of the Latin American Jewish Studies Association, and co-editor of the semi-annual LAJSA Bulletin. She is Second Vice president of the CUNY Academy for the Humanities and the Sciences, where she coordinates the Junior Faculty Colloquia. Her participation at the University Theatres has resulted in her plays productions by a number of universities including Smith College, Cornell, Barnard, Lieges, Mexico, and The Hebrew University. She was the recipient of numerous PSC-CUNY Awards and of the President\u2019s Award for Innovative Teaching at Queens College.<\/p>\n<p>&nbsp;<\/p>\n<h4>Recent Publications<\/h4>\n<p><strong>Books<\/strong><\/p>\n<p><em>Criticism<\/em><\/p>\n<ul>\n<li>The Jewish White Slave Trade: The Case of Raquel Liberman, New York: Garland Press: 2000.<\/li>\n<li>\u201cRegeneraci\u00f3n\u201d de Leib Malach y la trata de blancas, Buenos Aires: Pard\u00e9s. 1984.<\/li>\n<\/ul>\n<p><em>Fiction\/ Collections of Short Stories<\/em><\/p>\n<ul>\n<li>Puerta entre abierta, Buenos Aires: Corregidor, 2004.<\/li>\n<li>Mujeres, memorias, malogros, Buenos Aires: Mil\u00e1, 1991.<\/li>\n<li>Uno de sus Juanes, Buenos Aires: Ediciones de la Flor, 1983.<\/li>\n<\/ul>\n<p><em>Drama<\/em><\/p>\n<ul>\n<li>Teatro: Noticias de surburbio, Liturgias, Un d\u00eda en New York and Una tal Raquel. Buenos Aires: Nueva Generaci\u00f3n, 2000.<\/li>\n<li>Dos Charlottes in Dramaturgas en la escena del mundo. Buenos Aires: Nueva Generaci\u00f3n, 2004.<\/li>\n<li>Con madres como \u00e9stas (monologues) in Claves para el teatro de Nora Glickman. Ed.M\u00f3nica Bausset. Buenos Aires: Nueva Generaci\u00f3n, 2007.<\/li>\n<\/ul>\n<p><em>Editor<\/em><\/p>\n<ul>\n<li>Br\u00fajula \/ The Compass Issue devoted to Argentine and Uruguayan Writers. Latin American Writers&#8217; Institute: Introduction and interview. New York, March 1996.<\/li>\n<li>Contemporary Argentine Jewish Fiction and Drama. A Critical Anthology. (Guest Editor) Modern Jewish Studies\/ Yiddish, Queens College, 1993.<\/li>\n<li>Argentine Fiction in Translation. Modern Jewish Studies\/Yiddish.(Guest Editor) Queens College, 1993.<\/li>\n<\/ul>\n<p><em>Co-editor<\/em><\/p>\n<ul>\n<li>Crossing Continental Bridges: Cinematic and Literary Representations of Spanish and Latin American Themes. Tucson: Chasqui Press, 2005. (Includes introduction, notes, glossary and article on Onetti and Film adaptation).<\/li>\n<li>Contemporary Argentine Jewish Drama: A Critical Anthology in Translation. Bucknell University Press, 1996.<\/li>\n<li>Tradition and Innovation: Jewish Issues in Latin American Jewish Writings. SUNY Press, Albany, 1993.<\/li>\n<\/ul>\n<p>&nbsp;<\/p>\n<p><strong>Translations<\/strong><\/p>\n<ul>\n<li>Theatre\/Teatro. Antologia Bilingue\/ Bilingual Anthology.\u00a0Buenos Aires: Tu Llave, 2008.<\/li>\n<\/ul>\n<p>&nbsp;<\/p>\n<p><strong>Chapters in Anthologies<\/strong><\/p>\n<ul>\n<li>&#8220;La Nueva York de Luisa Valenzuela, contrastada,&#8221; Luisa Valenzuela sin m\u00e1scara. Ed. Gwendolyn D\u00edaz, Feminaria Editora, Buenos Aires, 2002, 141-153.<\/li>\n<li>&#8220;El teatro del absurdo de Diana Raznovich,&#8221; Antolog\u00eda de dramaturgia femenina, Antioquia: University of Antioquia, 1997, 188-194.<\/li>\n<li>&#8220;Discovering Self in History: A\u00edda Bortnik and Gerardo Goloboff,\u201d in The Jewish Diaspora in Latin America: New Studies on History and Literature, ed. by David Sheinin &amp; Lois Barr, New York, 1996, 53-60.<\/li>\n<\/ul>\n<p><strong>\u00a0<\/strong><\/p>\n<p>&nbsp;<\/p>\n<p>[\/et_pb_text][\/et_pb_column][\/et_pb_row][\/et_pb_section]<\/p>\n","protected":false},"excerpt":{"rendered":"<p>FacultyNora Glickman Professor Emeritus Email:\u00a0nora.glickman@qc.cuny.eduNora Glickman Professor EmeritusEmail:\u00a0nora.glickman@qc.cuny.eduNora Glickman\u00a0is a professor emeritus at Queens College and at the Graduate Center, CUNY, where she teaches courses on comparative and Latin American literature, Hispanic cinema, Jewish studies, theatre and translation. She received her M.A. in Spanish Literature at Columbia University and her Ph.D. in Comparative Literature at [&hellip;]<\/p>\n","protected":false},"author":105,"featured_media":0,"parent":0,"menu_order":0,"comment_status":"closed","ping_status":"closed","template":"","meta":{"_et_pb_use_builder":"on","_et_pb_old_content":"","_et_gb_content_width":"","inline_featured_image":false,"footnotes":""},"page_category":[],"wf_page_folders":[362],"class_list":["post-8591","page","type-page","status-publish","hentry"],"_links":{"self":[{"href":"https:\/\/www.qc.cuny.edu\/academics\/hll\/wp-json\/wp\/v2\/pages\/8591","targetHints":{"allow":["GET"]}}],"collection":[{"href":"https:\/\/www.qc.cuny.edu\/academics\/hll\/wp-json\/wp\/v2\/pages"}],"about":[{"href":"https:\/\/www.qc.cuny.edu\/academics\/hll\/wp-json\/wp\/v2\/types\/page"}],"author":[{"embeddable":true,"href":"https:\/\/www.qc.cuny.edu\/academics\/hll\/wp-json\/wp\/v2\/users\/105"}],"replies":[{"embeddable":true,"href":"https:\/\/www.qc.cuny.edu\/academics\/hll\/wp-json\/wp\/v2\/comments?post=8591"}],"version-history":[{"count":0,"href":"https:\/\/www.qc.cuny.edu\/academics\/hll\/wp-json\/wp\/v2\/pages\/8591\/revisions"}],"wp:attachment":[{"href":"https:\/\/www.qc.cuny.edu\/academics\/hll\/wp-json\/wp\/v2\/media?parent=8591"}],"wp:term":[{"taxonomy":"page_category","embeddable":true,"href":"https:\/\/www.qc.cuny.edu\/academics\/hll\/wp-json\/wp\/v2\/page_category?post=8591"},{"taxonomy":"wf_page_folders","embeddable":true,"href":"https:\/\/www.qc.cuny.edu\/academics\/hll\/wp-json\/wp\/v2\/wf_page_folders?post=8591"}],"curies":[{"name":"wp","href":"https:\/\/api.w.org\/{rel}","templated":true}]}}