{"id":8603,"date":"2022-06-10T10:39:00","date_gmt":"2022-06-10T14:39:00","guid":{"rendered":"http:\/\/149.4.100.129\/academics\/hll\/?page_id=8603"},"modified":"2022-06-13T11:36:36","modified_gmt":"2022-06-13T15:36:36","slug":"jose-miguel-martinez-torrejon","status":"publish","type":"page","link":"https:\/\/www.qc.cuny.edu\/academics\/hll\/jose-miguel-martinez-torrejon\/","title":{"rendered":"Jos\u00e9 Miguel Mart\u00ednez-Torrej\u00f3n"},"content":{"rendered":"<p>[et_pb_section fb_built=&#8221;1&#8243; _builder_version=&#8221;4.16&#8243; global_colors_info=&#8221;{}&#8221;][et_pb_row _builder_version=&#8221;4.16&#8243; background_color=&#8221;rgba(0,0,0,0)&#8221; custom_padding=&#8221;10px||10px||true|false&#8221; border_radii=&#8221;off|20px|20px||&#8221; global_colors_info=&#8221;{}&#8221;][et_pb_column type=&#8221;4_4&#8243; _builder_version=&#8221;4.16&#8243; global_colors_info=&#8221;{}&#8221;][et_pb_text _builder_version=&#8221;4.17.4&#8243; text_font=&#8221;Open Sans||||||||&#8221; text_text_color=&#8221;#000000&#8243; text_font_size=&#8221;16px&#8221; header_4_font=&#8221;Ubuntu|700|||||||&#8221; header_4_text_align=&#8221;center&#8221; header_4_text_color=&#8221;#ffffff&#8221; header_4_font_size=&#8221;30px&#8221; background_color=&#8221;#e71939&#8243; text_orientation=&#8221;center&#8221; custom_padding=&#8221;10px|10px|10px|10px|true|true&#8221; border_radii=&#8221;off|20px|20px||&#8221; locked=&#8221;off&#8221; global_colors_info=&#8221;{}&#8221;]<\/p>\n<h4>Faculty<\/h4>\n<p>[\/et_pb_text][\/et_pb_column][\/et_pb_row][et_pb_row _builder_version=&#8221;4.16&#8243; custom_padding=&#8221;|20px||20px|false|false&#8221; box_shadow_style=&#8221;preset3&#8243; global_colors_info=&#8221;{}&#8221;][et_pb_column type=&#8221;4_4&#8243; _builder_version=&#8221;4.16&#8243; global_colors_info=&#8221;{}&#8221;][et_pb_text disabled_on=&#8221;on|off|off&#8221; admin_label=&#8221;Desktop&#8221; _builder_version=&#8221;4.17.4&#8243; _module_preset=&#8221;default&#8221; text_font_size=&#8221;16px&#8221; locked=&#8221;off&#8221; global_colors_info=&#8221;{}&#8221;]<\/p>\n<h3><strong><img decoding=\"async\" class=\"alignright wp-image-8607 size-medium lazyload\" data-src=\"https:\/\/www.qc.cuny.edu\/academics\/hll\/wp-content\/uploads\/sites\/82\/2022\/06\/jm2-291x300.jpg\" alt=\"Jos\u00e9 Miguel Mart\u00ednez Torrej\u00f3n Photo\" width=\"291\" height=\"300\" data-srcset=\"https:\/\/www.qc.cuny.edu\/academics\/hll\/wp-content\/uploads\/sites\/82\/2022\/06\/jm2-291x300.jpg 291w, https:\/\/www.qc.cuny.edu\/academics\/hll\/wp-content\/uploads\/sites\/82\/2022\/06\/jm2.jpg 460w\" data-sizes=\"(max-width: 291px) 100vw, 291px\" src=\"data:image\/svg+xml;base64,PHN2ZyB3aWR0aD0iMSIgaGVpZ2h0PSIxIiB4bWxucz0iaHR0cDovL3d3dy53My5vcmcvMjAwMC9zdmciPjwvc3ZnPg==\" style=\"--smush-placeholder-width: 291px; --smush-placeholder-aspect-ratio: 291\/300;\" \/><\/strong><\/h3>\n<h3><strong>Jos\u00e9 Miguel Mart\u00ednez-Torrej\u00f3n<\/strong><\/h3>\n<p>Distinguished Professor<\/p>\n<p><em>Office<\/em>:<em>\u00a0<\/em>Queens Hall\u00a0100F<br \/><em>Voice<\/em>: 718-997-5660<br \/><em>Fax<\/em>: 718-997-5669<br \/><em>Email<\/em>:\u00a0<a href=\"mailto:jose.martinez-torrejon@qc.cuny.edu\">jose.martinez-torrejon@qc.cuny.edu<\/a><\/p>\n<p>[\/et_pb_text][et_pb_text disabled_on=&#8221;off|on|on&#8221; admin_label=&#8221;Mobile&#8221; _builder_version=&#8221;4.17.4&#8243; _module_preset=&#8221;default&#8221; text_font_size=&#8221;16px&#8221; locked=&#8221;off&#8221; global_colors_info=&#8221;{}&#8221;]<\/p>\n<h3 style=\"text-align: center\"><strong>Jos\u00e9 Miguel <br \/>Mart\u00ednez-Torrej\u00f3n<\/strong><\/h3>\n<p style=\"text-align: center\"><img decoding=\"async\" class=\"wp-image-8607 aligncenter size-medium lazyload\" data-src=\"https:\/\/www.qc.cuny.edu\/academics\/hll\/wp-content\/uploads\/sites\/82\/2022\/06\/jm2-291x300.jpg\" alt=\"Jos\u00e9 Miguel Mart\u00ednez Torrej\u00f3n Photo\" width=\"291\" height=\"300\" data-srcset=\"https:\/\/www.qc.cuny.edu\/academics\/hll\/wp-content\/uploads\/sites\/82\/2022\/06\/jm2-291x300.jpg 291w, https:\/\/www.qc.cuny.edu\/academics\/hll\/wp-content\/uploads\/sites\/82\/2022\/06\/jm2.jpg 460w\" data-sizes=\"(max-width: 291px) 100vw, 291px\" src=\"data:image\/svg+xml;base64,PHN2ZyB3aWR0aD0iMSIgaGVpZ2h0PSIxIiB4bWxucz0iaHR0cDovL3d3dy53My5vcmcvMjAwMC9zdmciPjwvc3ZnPg==\" style=\"--smush-placeholder-width: 291px; --smush-placeholder-aspect-ratio: 291\/300;\" \/><\/p>\n<p style=\"text-align: center\">Distinguished Professor<\/p>\n<p style=\"text-align: center\"><em>Office<\/em>:<em>\u00a0<\/em>Queens Hall\u00a0100F<br \/><em>Voice<\/em>: 718-997-5660<br \/><em>Fax<\/em>: 718-997-5669<br \/><em>Email<\/em>:\u00a0<a href=\"mailto:jose.martinez-torrejon@qc.cuny.edu\">jose.martinez-torrejon@qc.cuny.edu<\/a><\/p>\n<p>[\/et_pb_text][et_pb_text quote_border_color=&#8221;#e71939&#8243; _builder_version=&#8221;4.17.4&#8243; _module_preset=&#8221;default&#8221; text_font=&#8221;Open Sans||||||||&#8221; text_font_size=&#8221;16px&#8221; hover_enabled=&#8221;0&#8243; global_colors_info=&#8221;{}&#8221; sticky_enabled=&#8221;0&#8243;]<\/p>\n<p><strong>Jos\u00e9 Miguel Mart\u00ednez-Torrej\u00f3n<\/strong> considers himself an Iberian scholar. His teaching and research have evolved around three main areas, seen as inexcusably intertwined and belonging to the same context: Peninsular Medieval-Golden Age Literature, Colonial Historiography, and various aspects of the Portuguese Renaissance. He uses philological and rhetorical analysis to study the history ideas and the political uses of literature.<\/p>\n<p>[\/et_pb_text][\/et_pb_column][\/et_pb_row][\/et_pb_section]<\/p>\n","protected":false},"excerpt":{"rendered":"<p>Faculty Jos\u00e9 Miguel Mart\u00ednez-Torrej\u00f3n Distinguished Professor Office:\u00a0Queens Hall\u00a0100FVoice: 718-997-5660Fax: 718-997-5669Email:\u00a0jose.martinez-torrejon@qc.cuny.eduJos\u00e9 Miguel Mart\u00ednez-Torrej\u00f3n Distinguished Professor Office:\u00a0Queens Hall\u00a0100FVoice: 718-997-5660Fax: 718-997-5669Email:\u00a0jose.martinez-torrejon@qc.cuny.eduJos\u00e9 Miguel Mart\u00ednez-Torrej\u00f3n considers himself an Iberian scholar. His teaching and research have evolved around three main areas, seen as inexcusably intertwined and belonging to the same context: Peninsular Medieval-Golden Age Literature, Colonial Historiography, and various aspects of [&hellip;]<\/p>\n","protected":false},"author":105,"featured_media":0,"parent":0,"menu_order":0,"comment_status":"closed","ping_status":"closed","template":"","meta":{"_et_pb_use_builder":"on","_et_pb_old_content":"","_et_gb_content_width":"","inline_featured_image":false,"footnotes":""},"page_category":[],"wf_page_folders":[362],"class_list":["post-8603","page","type-page","status-publish","hentry"],"_links":{"self":[{"href":"https:\/\/www.qc.cuny.edu\/academics\/hll\/wp-json\/wp\/v2\/pages\/8603","targetHints":{"allow":["GET"]}}],"collection":[{"href":"https:\/\/www.qc.cuny.edu\/academics\/hll\/wp-json\/wp\/v2\/pages"}],"about":[{"href":"https:\/\/www.qc.cuny.edu\/academics\/hll\/wp-json\/wp\/v2\/types\/page"}],"author":[{"embeddable":true,"href":"https:\/\/www.qc.cuny.edu\/academics\/hll\/wp-json\/wp\/v2\/users\/105"}],"replies":[{"embeddable":true,"href":"https:\/\/www.qc.cuny.edu\/academics\/hll\/wp-json\/wp\/v2\/comments?post=8603"}],"version-history":[{"count":0,"href":"https:\/\/www.qc.cuny.edu\/academics\/hll\/wp-json\/wp\/v2\/pages\/8603\/revisions"}],"wp:attachment":[{"href":"https:\/\/www.qc.cuny.edu\/academics\/hll\/wp-json\/wp\/v2\/media?parent=8603"}],"wp:term":[{"taxonomy":"page_category","embeddable":true,"href":"https:\/\/www.qc.cuny.edu\/academics\/hll\/wp-json\/wp\/v2\/page_category?post=8603"},{"taxonomy":"wf_page_folders","embeddable":true,"href":"https:\/\/www.qc.cuny.edu\/academics\/hll\/wp-json\/wp\/v2\/wf_page_folders?post=8603"}],"curies":[{"name":"wp","href":"https:\/\/api.w.org\/{rel}","templated":true}]}}